6)/18). Suppose 2*x + 2 = s. What are the prime factors of (x/6)/((-1)/(-256))?
2
Let h(j) = -j - 8. Let n be h(-12). Suppose -5*y = -4*z, 0 = -n*z - z + y. Suppose 2*g = z, -b + g + 114 = -0*g. List the prime factors of b.
2, 3, 19
Suppose 456*q + 446*q - 905*q = -37179. What are the prime factors of q?
3, 17
Let q(j) = 4*j + 16. Let h be q(-6). Let t be -3 - h - 2/2. Suppose 5*g + 3*o - 107 = 4*g, -5*o = t*g - 463. List the prime factors of g.
2, 61
Let r(m) = m - 6 - 4 + 4. Suppose b + j + 1 - 15 = 0, j + 28 = 2*b. List the prime factors of r(b).
2
Suppose -281*x + 5430336 + 14243485 = 3900448. List the prime factors of x.
3, 7, 11
Let j(g) = 10*g - 3*g + 23 + 25 - 20. List the prime factors of j(26).
2, 3, 5, 7
Let o be -5*(-35)/50*4. What are the prime factors of (o - 121)*(-1 - 2)?
3, 107
Suppose -a + 5*y + 48505 = 0, -4249*a + 4254*a - 2*y - 242617 = 0. List the prime factors of a.
3, 5, 647
Suppose 0 = 122*m - 155*m + 629904. List the prime factors of m.
2, 1193
Suppose -51934*l + 51947*l = 228384. What are the prime factors of l?
2, 3, 61
Let t = 250 - 249. List the prime factors of t/(-5)*-8581 - 168/840.
2, 3, 11, 13
Let i be 12/(1*2) - 0/(-5). Let y be (-30)/(-18)*i/5. List the prime factors of (-1923)/(-15) - y/10.
2
Suppose 5*j - 2*s - 250100 = 0, 64*j - s = 60*j + 200080. What are the prime factors of j?
2, 5, 41, 61
Let b(c) = -115*c**3 + 22*c**2 + 71*c + 88. List the prime factors of b(-6).
2, 12647
Let n(a) = a**3 - 6*a**2 - 2*a + 14. Let k be n(6). Suppose 0 = 2*h - k. Suppose 0 = -2*u + 11 + h. List the prime factors of u.
2, 3
Suppose 0 = -9*w + 41 + 40. Let b be (w/5)/(15/25). List the prime factors of (0 + -164)*b/(-6).
2, 41
Suppose -213*h + 231910 = -143*h. List the prime factors of h.
3313
Suppose -1060 = 5*m - 5*x, -3*m + 0*x = -x + 630. Let f = 217 + m. What are the prime factors of f?
2
Let p(s) be the third derivative of 0 + 1/3*s**3 + 7/24*s**4 + 10*s**2 + 0*s - 1/60*s**5. List the prime factors of p(6).
2
Suppose 4*x = 3*x + 5, 4*x = -3*k + 26. Let v be 0 - (0 + (4 - 2)) - k. List the prime factors of (1524/v - 3)*1/(-2).
2, 3
Let r = 49499 - 31242. What are the prime factors of r?
18257
Let u(w) be the first derivative of 24 + 113/2*w**2 + 0*w. What are the prime factors of u(1)?
113
Suppose -l - 3*q + 15 = 0, -3*l - 2*l = -5*q + 25. Suppose -4*s - b + 11 = 0, -5*s + 25 = 17*b - 12*b. Suppose l = -c - s*c + 93. List the prime factors of c.
31
Let c = 4454 + -1502. Suppose 0 = -34*o + 30*o + c. List the prime factors of o.
2, 3, 41
Let i = -5363 - -5413. Let j = -44 + 110. Let s = j + i. List the prime factors of s.
2, 29
Let c = -26 - -30. Let w = c + -1. Suppose 9 = w*j - 9. List the prime factors of j.
2, 3
What are the prime factors of (-1 - 45166/8)/(36/(-96))?
2, 7529
Let p(h) = 17*h**3 - h**2 - 7*h + 13. Let s = 219 + -217. List the prime factors of p(s).
131
Let x(q) be the first derivative of 17*q**2 - 27*q + 24. Let y be x(13). Suppose 23*f = 28*f - y. What are the prime factors of f?
83
Suppose 485377 + 4363271 = 152*q. What are the prime factors of q?
3, 7, 31
Let r(t) = t**2 + 11*t - 55. Let j be (-8)/40 + (-303)/(-15). List the prime factors of r(j).
5, 113
Suppose -g = 4*o - 34, 0*o = -4*g + 4*o + 36. Let v = -14 + g. Suppose -2*p + 294 = -v*p - 3*t, -p - t + 147 = 0. List the prime factors of p.
3, 7
Let h = 51929 - 19435. What are the prime factors of h?
2, 7, 11, 211
Let b = 6403 + 3069. List the prime factors of b.
2, 37
Let m = 49 - 47. Let o = 8 + -4. Suppose i - o*h - 18 = 0, i - 15 + 3 = -m*h. List the prime factors of i.
2, 7
Let c(h) be the third derivative of h**5/60 + 2*h**4/3 + 4*h**3/3 + 7*h**2. Let l be c(-17). Let b = 66 + l. What are the prime factors of b?
7, 13
Let g(f) = 3760*f + 1204. List the prime factors of g(4).
2, 31, 131
List the prime factors of (2/36*-2 + (-42)/108)*-11794.
5897
Suppose -5*z - 7610 = -43052 - 26213. List the prime factors of z.
11, 19, 59
Let b(q) = 15*q**2 - 5*q + 15*q**2 - 2 - 9*q**2 + 2*q + 2*q. List the prime factors of b(-3).
2, 5, 19
Let j(b) = 43*b**2 - 7*b + 15. Let t = -334 - -336. What are the prime factors of j(t)?
173
Let f be 4/7 - (-26883)/203. Suppose 5*n - 3*y - 753 = -0*y, n - 5*y - f = 0. What are the prime factors of n?
3, 17
What are the prime factors of -2*-11777*2/4?
11777
Let a(w) = 3*w**3 - 2*w**2 - 2*w + 4. Let h be a(-3). Let g = h - -160. List the prime factors of g.
71
Let a = 5385 - 2111. List the prime factors of a.
2, 1637
Let c(p) = 4868*p**2 - 76*p. What are the prime factors of c(2)?
2, 3, 5, 7, 23
Suppose -5*k = 5*c - 82055, c + 6*k + 32758 = 3*c. List the prime factors of c.
47, 349
Suppose -9*h = -12*h, -5*c - 3*h + 55 = 0. Suppose 35 = -c*o + 18*o. List the prime factors of (-1)/(o + 78/(-15)).
5
Let y(l) = l**2 - 10*l - 32. Let b be y(11). List the prime factors of -5 + b/(-3) + 135.
137
List the prime factors of -20*12/(-18)*((-44670)/(-20) - 9).
2, 5, 1483
Let d be (24/20)/(6/10) - -694. Suppose -77*f + d = -71*f. What are the prime factors of f?
2, 29
Let y(m) = -22*m + 121. Let a be y(6). What are the prime factors of 1 + 511 + (-3 - a - 11)?
509
Let o(l) = 59*l**2 + 365*l + 34. List the prime factors of o(-13).
2, 5, 263
Let u(f) = -f**3 - 39*f**2 - 132*f + 94. What are the prime factors of u(-37)?
2, 5, 7
Suppose 176*y - 16 = 172*y. Suppose 5*d - 5*a - 1735 = 0, -y*d + 2*a = -3*d - 346. List the prime factors of d.
2, 3, 29
Let o = -195 + 203. What are the prime factors of 7/(-7) + -4 + o?
3
Let f(s) = s**3 - 6*s**2 - 7*s + 4. Let m be f(7). Let x(u) = 70*u + 16. Let w be x(m). Suppose -w = i - 5*i. What are the prime factors of i?
2, 37
Let i(r) = -r**3 - 14*r**2 + 16*r - 11. Let o be i(-15). Let j(k) = -k**3 + 11*k**2 - 6*k - 1. Let n be j(10). Let a = o + n. List the prime factors of a.
13
Let h(r) = -4*r**3 - 5*r**2 - 7*r + 21. Let t(x) = x**3 - x**2 + 1. Let y(o) = -h(o) + 5*t(o). What are the prime factors of y(3)?
2, 31
Let w(r) = -4*r + 2. Let q be w(0). Let s be 17/(-7) + q + 14597/(-77). Let p = s - -289. What are the prime factors of p?
3, 11
Suppose 0 = -18*d + 259*d - 1590118. List the prime factors of d.
2, 3299
Suppose 58*g - 980 = 54*g. Let o = g - 227. What are the prime factors of o?
2, 3
List the prime factors of (-6)/(-81) - (6 - 3397670/135).
2, 23, 547
Suppose 3*u - 18 = 0, -2*u + 50504 = -4*d + 8*d. What are the prime factors of d?
13, 971
Let k(g) = 9*g**3 - 5*g**2 + 28*g - 111. List the prime factors of k(4).
7, 71
Let o = -5291 + 9922. List the prime factors of o.
11, 421
What are the prime factors of 828425/26*376/235?
2, 5, 2549
Let q = 4144 + -2322. Suppose -3*r - 232 = -q. Suppose -2*k - r = -7*k. What are the prime factors of k?
2, 53
Let k = -10 + 10. Suppose x = -2*f + 1303, k = -5*f + 3*x + x + 3277. Suppose -5*c + 4*j + 285 + f = 0, 4*c - 769 = -3*j. List the prime factors of c.
2, 5, 19
Suppose -17*n = 4*v - 20*n - 43363, -5*n = -3*v + 32525. What are the prime factors of v?
2, 5, 271
What are the prime factors of ((-10)/(-6))/((-51)/(-680)*(-35)/(-7938))?
2, 3, 5, 7
Let h = -24220 + 25654. What are the prime factors of h?
2, 3, 239
Let l(o) = 5*o**2 + o - 2. Let t be l(1). Suppose -t*c = -5*g + 65, g + 2*g = -5*c + 2. Suppose -11*j + 8*j = -g. What are the prime factors of j?
3
Suppose 3*x + 15910 = -12*x + 339670. List the prime factors of x.
2, 19, 71
Let v = -58 - -58. Suppose v = -3*l + c + 469, l - 3*c - 59 - 92 = 0. Let i = l - 81. List the prime factors of i.
2, 19
Let j = 9261 + -5378. What are the prime factors of j?
11, 353
List the prime factors of 330*((-98)/(-28) + 12).
3, 5, 11, 31
Let n = 79 + 44. Suppose -126*z = -n*z - 1869. List the prime factors of z.
7, 89
Let a(j) = 14*j**2 + 180. What are the prime factors of a(-25)?
2, 5, 19, 47
Let z = -26 - -29. Suppose h = w - z*w + 675, 677 = 2*w + 3*h. Suppose w = 5*g + 2*c, -2*g - 5*c - 26 = -165. What are the prime factors of g?
67
Suppose -1620*w = -1601*w - 51775. List the prime factors of w.
5, 109
Let l = 178 - 68. Let i be (1 + 0)/((-4)/(-696)). Let j = i - l. List the prime factors of j.
2
Suppose -3*n + 14871 = -4*b, 24780 = 24*n - 19*n - 5*b. List the prime factors of n.
3, 13, 127
Suppose -5*z - h + 139 = 3*h, -112 = -4*z - 3*h. Suppose 0 = -z*d + 46*d - 4020. What are the prime factors of d?
2,